y + 486. Determine z(480).
6
Let t(q) = 2*q**3 - 46*q**2 - 119*q + 1425. Determine t(24).
-279
Let h(g) = -3*g**3 - 38*g**2 - 14*g + 107. Give h(-2).
7
Let r(p) = -206*p + 206. Calculate r(4).
-618
Let r(u) = 13433*u - 53760. Determine r(4).
-28
Let j(i) = -71183*i - 4. Calculate j(0).
-4
Let q(y) = -7114*y**2 + 35573*y - 9. Calculate q(5).
6
Let o(m) = -4*m**2 + 3980*m - 63444. Determine o(16).
-788
Let l(d) = -1582*d - 145558. Give l(-92).
-14
Let r(n) = -36*n**3 - 469*n**2 - 5*n + 98. Determine r(-13).
-6
Let a(m) = 2594*m - 39028. Give a(15).
-118
Let f(d) = -d**3 - 8*d**2 - 81*d - 95. Determine f(-14).
2215
Let d(s) = -9*s**2 - 849*s - 17984. What is d(-32)?
-32
Let x(q) = q**2 + 132*q + 3933. Determine x(-44).
61
Let q(j) = -16265*j + 81320. What is q(5)?
-5
Let m(z) = -13*z**3 + 27406*z**2 - 4215*z - 2110. Give m(2108).
-2
Let j(f) = 12*f**2 + 2133*f - 37204. What is j(16)?
-4
Let y(k) = k**3 + 74*k**2 + 1382*k + 44. What is y(-31)?
-1475
Let z(a) = -37*a + 2879. Calculate z(86).
-303
Let m(o) = 3327*o + 309510. Calculate m(-93).
99
Let b(f) = 2*f**3 + 60*f**2 + 31*f + 204. Determine b(-30).
-726
Let c(d) = -60*d**2 + 76*d - 294. Calculate c(6).
-1998
Let j(r) = -r**3 + 58*r**2 - 881*r + 3157. Give j(17).
29
Let r(i) = -449*i - 84763. Give r(-191).
996
Let r(x) = -110*x**2 + 141*x - 39. Determine r(1).
-8
Let b(k) = -k**2 - 500*k - 13769. Give b(-29).
-110
Let d(b) = b**2 - 4463*b - 4895733. What is d(-911)?
-19
Let f(i) = i**3 + 131*i**2 - 350*i - 11036. Give f(-133).
136
Let d(i) = -10720*i + 193067. Give d(18).
107
Let z(s) = -4151*s + 103769. Determine z(25).
-6
Let x(a) = 8*a**2 + 405*a - 1739. Give x(-53).
-732
Let y(q) = q**3 + 58*q**2 - 1952*q + 1319. What is y(-82)?
7
Let u(c) = c**3 - 6*c**2 - 4404*c + 3924. Give u(69).
-9
Let o(c) = c**3 + 45*c**2 - 682*c - 74. What is o(11)?
-800
Let k(c) = -7*c**3 + 203*c**2 - 697*c - 43. What is k(25)?
32
Let r(i) = -15*i**2 + 12011*i - 47788. Determine r(4).
16
Let c(b) = -b**2 - 30773*b - 184579. Determine c(-6).
23
Let k(h) = -365*h - 861. What is k(-8)?
2059
Let l(v) = -v**2 - 395*v - 35459. Give l(-255).
241
Let s(z) = -18*z**3 + 26*z**2 + 43*z - 104. What is s(3)?
-227
Let d(l) = -10172*l**2 + 732388*l - 302. Give d(72).
-14
Let j(w) = 6662*w + 173255. Calculate j(-26).
43
Let p(d) = -1028134*d - 14393862. Calculate p(-14).
14
Let a(z) = 160*z**2 - 11334*z - 1842. Determine a(71).
4
Let t(g) = 1456003*g - 32032069. Determine t(22).
-3
Let o(w) = -w**3 - 19*w**2 + 9207*w + 166028. Determine o(-18).
-22
Let j(l) = -30*l**2 - 106*l - 12. Give j(-2).
80
Let i(b) = -2*b**3 + 19*b**2 + 248*b - 2355. Give i(11).
10
Let l(v) = -333*v - 50955. Determine l(-152).
-339
Let h(r) = -5*r**2 - 77*r - 81. What is h(-15)?
-51
Let w(z) = 717*z - 5037. Determine w(7).
-18
Let c(i) = -468*i - 5481. What is c(-8)?
-1737
Let b(f) = 12417*f + 24806. Calculate b(-2).
-28
Let x(j) = -48*j**3 - 712*j**2 + 123*j + 50. Give x(-15).
5
Let j(z) = -z**2 + 212*z + 34475. Calculate j(321).
-514
Let b(d) = d**3 - 5*d**2 + 31*d - 201. What is b(8)?
239
Let z(y) = 11*y**2 + 617*y + 3277. Give z(-50).
-73
Let o(m) = 2*m**3 + 44*m**2 - 547*m - 11525. Determine o(-23).
-2
Let h(i) = i**3 - 21*i**2 + 53273*i - 904493. What is h(17)?
-8
Let u(p) = 154*p**2 - 139*p + 237. Determine u(-5).
4782
Let j(f) = -13508*f + 1296761. What is j(96)?
-7
Let o(u) = 10461*u + 115082. Calculate o(-11).
11
Let r(k) = -k**3 - 1521*k**2 - 19540*k + 96518. Calculate r(-1508).
6
Let j(n) = 8*n**2 - 139*n - 491. What is j(21)?
118
Let v(z) = -2*z**2 - 3048*z + 27541. Determine v(9).
-53
Let m(l) = -5*l**2 + 490*l - 9904. Give m(29).
101
Let f(w) = -2*w**2 + 507*w + 23695. Give f(294).
-119
Let g(s) = -7*s**2 + 87*s + 31327. Calculate g(-61).
-27
Let v(i) = i**3 - 10*i**2 - 8*i - 353. Calculate v(10).
-433
Let k(r) = 101332*r + 405297. Determine k(-4).
-31
Let k(h) = -2446*h - 68479. What is k(-28)?
9
Let m(p) = -p**2 - 107158*p + 857334. Calculate m(8).
6
Let u(a) = -a**3 - 240*a**2 - 2375*a + 189. Determine u(-10).
939
Let p(j) = 13*j**2 - 1471*j + 14853. Determine p(102).
63
Let i(l) = -453*l**2 + 55*l + 52. Determine i(-1).
-456
Let i(v) = 5*v**3 + 60*v**2 + 52*v + 7. What is i(-11)?
40
Let y(h) = h**3 + 59*h**2 - 84*h - 2270. What is y(-60)?
-830
Let z(q) = -q**2 + 13206*q - 749564. Give z(57).
-71
Let h(f) = -26247*f**2 - 367457*f + 10. What is h(-14)?
-4
Let y(f) = 2*f**2 + 59*f + 674. What is y(-13)?
245
Let a(d) = -313*d + 12710. Calculate a(39).
503
Let y(n) = -7*n**3 + 17*n**2 - 405*n + 2314. What is y(6)?
-1016
Let x(l) = -3*l**3 + 61*l**2 + 77*l - 2066. Give x(20).
-126
Let u(d) = -9*d**2 - 780*d - 11582. Give u(-68).
-158
Let r(y) = -22*y**2 + 316*y - 935. Give r(3).
-185
Let s(y) = 37*y**2 + 2*y + 77. Give s(-10).
3757
Let i(h) = 2*h**3 + 204*h**2 + 2798*h + 11. Determine i(-16).
-725
Let w(p) = -86*p - 10994. Determine w(-126).
-158
Let u(h) = -53*h**2 + 26102*h - 38790. Calculate u(491).
-1
Let n(j) = -912*j - 7064. Determine n(-8).
232
Let o(c) = -13*c**3 + 165*c**2 - 359*c - 20. What is o(3)?
37
Let k(a) = 19*a**2 + 1399*a + 520. Calculate k(-73).
-356
Let g(c) = 9456*c + 320844. What is g(-34)?
-660
Let a(h) = -3*h**2 - 1354*h + 26808. What is a(19)?
-1
Let t(i) = i**2 - 38*i - 1185. Give t(58).
-25
Let i(m) = 2*m**2 + 1005*m + 36728. Calculate i(-40).
-272
Let r(n) = 8*n**2 + 2177*n + 6524. Calculate r(-3).
65
Let o(c) = -231019*c - 4158341. What is o(-18)?
1
Let t(v) = -2*v**3 + 2012*v**2 - 1941*v - 69334. Calculate t(1005).
11
Let v(m) = -3*m**3 - 4*m**2 - 222*m - 1117. What is v(-5)?
268
Let y(s) = -4*s**2 - 926*s + 65092. Calculate y(-288).
4
Let y(m) = -5814*m + 17458. Give y(3).
16
Let q(g) = g**2 + 1138*g + 17729. Give q(-16).
-223
Let f(b) = -2*b**2 - 1055*b - 91813. Determine f(-110).
37
Let v(m) = -m**2 - 2572*m + 281095. What is v(105)?
10
Let o(m) = -3*m**3 - 21*m**2 + 127*m + 53. Determine o(-10).
-317
Let k(z) = 1140*z + 172026. Give k(-151).
-114
Let t(f) = -f**3 + 43*f**2 + 185*f - 11. Calculate t(-4).
1
Let q(x) = 118*x**3 + 7*x**2 - 127*x + 121. Give q(1).
119
Let w(s) = s**3 + 5*s**2 + 1371*s + 11075. What is w(-8)?
-85
Let j(n) = -597*n**2 - 501*n - 15. Calculate j(-2).
-1401
Let l(m) = 1271*m - 30680. Give l(26).
2366
Let y(c) = -2*c**3 - 284*c**2 + 384*c + 14042. Determine y(-143).
28
Let f(s) = 5743*s**2 + 591529*s + 26. Give f(-103).
26
Let v(l) = 620*l + 15585. Give v(-26).
-535
Let d(x) = -399*x**2 + 23*x. Determine d(1).
-376
Let m(i) = -11*i**3 - 72*i**2 + 85*i + 364. Calculate m(-7).
14
Let v(s) = -s**2 + 83*s + 12516. What is v(-77)?
196
Let y(i) = i**3 + 73*i**2 + 7*i - 55. Calculate y(0).
-55
Let l(k) = 29749*k - 356862. What is l(12)?
126
Let y(h) = 257*h**3 + h**2 + 135*h + 133. Calculate y(-1).
-258
Let y(g) = 6*g**2 + 279*g + 2897. What is y(-17)?
-112
Let k(w) = -w**2 + 24*w + 200. What is k(30)?
20
Let c(i) = 11*i**3 - 120*i**2 - 18*i + 8. Determine c(11).
-69
Let v(l) = 2*l**3 + 300*l**2 + 296*l - 191. What is v(-149)?
107
Let m(v) = -13*v**3 - 23*v**2 + 34*v + 222. Give m(-4).
550
Let n(x) = 4332*x + 17937. Determine n(-4).
609
Let x(r) = r**3 + 76*r**2 - 531*r + 187. Determine x(-83).
-3963
Let o(v) = -317*v**3 - 3169*v**2 - 32*v - 410. What is o(-10)?
10
Let z(c) = -c**3 - 222*c**2 + 521*c + 16372. What is z(-224)?
20
Let c(v) = -198*v - 10318. Calculate c(-59).
1364
Let l(n) = -825*n**2 - 182345*n - 4416. Give l(-221).
4
Let y(s) = -9*s**2 - 54*s + 845. What is y(12)?
-1099
Let t(i) = 3*i**2 - 65*i + 281. Determine t(5).
31
Let q(o) = 6*o**3 + 2458*o**2 - 868*o - 19562. Give q(-410).
118
Let w(x) = 4*x**3 - 1173*x**2 - 888*x + 1773. What is w(294)?
9
Let k(l) = -41*l**2 - 322*l - 222. What is k(-5)?
363
Let r(t) = -4122*t + 78659. What is r(19)?
341
Let c(z) = -4*z**3 - 373*z**2 - 42*z + 4726. Give c(-93).
-17
Let t(u) = -154*u + 7870. What is t(52)?
-138
Let l(k) = -3886*k + 31922. Calculate l(8).
834
Let l(w) = w**3 - w**2 - 2387*w + 4763. Determine l(2).
-7
Let h(v) = -5*v**3 - 309*v**2 + 72*v + 212. What is h(-62)?
-408
Let k(j) = -774*j - 4677. Determine k(-6).
-33
Let c(r) = 221950*r + 1775605. Give c(-8).
5
Let i(p) = 4770*p - 195577. Give i(41).
-7
Let j(b) = b**3 - 400*b**2 - 3320*b + 22604. Calculate j(408).
-244
Let c(d) = d**2 - 750*d + 81577. Determine c(132).
1
Let